1819947 a prime number?
False
Is 586740059 prime?
True
Is 99479488223 composite?
False
Is 971714159 a composite number?
True
Is 20786807 a prime number?
True
Is 7235431769 a composite number?
False
Is 621300509 composite?
True
Is 1372791893 a prime number?
False
Is 96737755269 a composite number?
True
Is 30746411231 a prime number?
False
Is 63658139 prime?
True
Is 1054384997 a composite number?
False
Is 3154908833 composite?
False
Is 48252120421 composite?
False
Is 1391157301 a prime number?
False
Is 20515065799 a composite number?
True
Is 11968070339 a composite number?
False
Is 203715803 a prime number?
True
Is 4878496631 composite?
False
Is 1455218273 prime?
True
Is 4194298879 a composite number?
False
Is 163922489 a prime number?
True
Is 79821306569 a prime number?
True
Is 1293907513 a composite number?
False
Is 7819051979 a composite number?
True
Is 8101613393 composite?
False
Is 2486338073 a composite number?
False
Is 799524073 a composite number?
False
Is 12798515831 a composite number?
False
Is 495759038 a prime number?
False
Is 326355607 prime?
True
Is 56113673587 composite?
False
Is 46259788717 a prime number?
False
Is 582172301 a composite number?
False
Is 49344159565 a composite number?
True
Is 1724217881 composite?
True
Is 2348021203 composite?
True
Is 195084805535 composite?
True
Is 711053699 a composite number?
True
Is 617321063 composite?
False
Is 738984749 composite?
True
Is 18195806533 a composite number?
True
Is 6441896869 a composite number?
False
Is 28672861099 a prime number?
True
Is 7263747527 a prime number?
False
Is 4931952863 composite?
True
Is 312016811 a composite number?
False
Is 22410232547 a prime number?
False
Is 2806846793 a composite number?
True
Is 4584462387 prime?
False
Is 5289745397 a prime number?
True
Is 65284034263 a prime number?
False
Is 30708635 a prime number?
False
Is 4833520547 a composite number?
False
Is 10310234153 composite?
True
Is 966702749 a composite number?
True
Is 2250759517 prime?
False
Is 1654464499 composite?
False
Is 33898339 prime?
True
Is 2963972723 composite?
True
Is 3710676323 a composite number?
False
Is 2042473801 a prime number?
True
Is 1425793379 prime?
True
Is 695740849 prime?
False
Is 2538090955 prime?
False
Is 7409930483 prime?
True
Is 214788029 prime?
False
Is 1973181491 a composite number?
False
Is 249805817 composite?
False
Is 51022493569 composite?
True
Is 161300179 a prime number?
True
Is 18353244071 a composite number?
False
Is 2119849603 a composite number?
True
Is 36061425599 a prime number?
True
Is 3583530409 a composite number?
True
Is 18051706 composite?
True
Is 9537564467 a composite number?
True
Is 96502622453 composite?
True
Is 1770534173 a prime number?
False
Is 1473067837 a composite number?
False
Is 19845308591 prime?
False
Is 354207487 a prime number?
False
Is 1072150663 composite?
False
Is 143001143 a composite number?
True
Is 681919981 a prime number?
True
Is 820939963 a composite number?
True
Is 5469753659 composite?
True
Is 36472572467 a prime number?
True
Is 87285336415 prime?
False
Is 91064448247 a prime number?
False
Is 82755929 a prime number?
False
Is 205316136353 a composite number?
False
Is 838379957 composite?
True
Is 7908875661 prime?
False
Is 4739129905 a prime number?
False
Is 12459967603 a prime number?
True
Is 1435959227 composite?
False
Is 4024809991 composite?
True
Is 45920892113 a composite number?
True
Is 10415383123 a composite number?
True
Is 2044873009 a composite number?
True
Is 72286022863 prime?
True
Is 1003181603 composite?
True
Is 9122967031 a composite number?
True
Is 16639945603 a composite number?
True
Is 5852102122 a composite number?
True
Is 1163473001 a prime number?
False
Is 14560290347 a composite number?
False
Is 11062224631 prime?
False
Is 545047397 a composite number?
True
Is 78730801 composite?
False
Is 1324205851 composite?
False
Is 2027731339 a prime number?
False
Is 36063540371 a prime number?
True
Is 5121871189 composite?
True
Is 9372201403 composite?
True
Is 186866087 a composite number?
True
Is 4124800259 a prime number?
True
Is 10163346355 a prime number?
False
Is 10878219749 prime?
True
Is 2022252013 composite?
False
Is 1170604433 prime?
True
Is 9711904547 a prime number?
False
Is 42935152237 composite?
True
Is 48833969683 prime?
False
Is 3308308439 a composite number?
False
Is 767152813 a prime number?
False
Is 1326282283 composite?
False
Is 833039143 a prime number?
True
Is 3224574181 prime?
True
Is 163596731131 composite?
False
Is 79186178957 composite?
True
Is 364601459615 composite?
True
Is 8398469063 composite?
False
Is 2518203539 composite?
True
Is 111805288311 a composite number?
True
Is 15329791949 prime?
False
Is 2537984777 a composite number?
False
Is 634246649 prime?
True
Is 865539083 composite?
False
Is 24014793527 a composite number?
True
Is 7478723069 composite?
True
Is 15621552665 composite?
True
Is 13956802451 composite?
True
Is 2677115471 a composite number?
False
Is 158415547 a prime number?
True
Is 27752631571 prime?
False
Is 62894032171 a prime number?
False
Is 3074818763 prime?
False
Is 2724365873 a composite number?
False
Is 78681125957 a prime number?
False
Is 241503337 a prime number?
True
Is 114630077 prime?
True
Is 2132365337 a prime number?
False
Is 37695123503 composite?
True
Is 118587093223 a prime number?
True
Is 47142961739 composite?
False
Is 3594014231 a prime number?
True
Is 342679939 a composite number?
True
Is 4074932557 a prime number?
False
Is 657946585 a prime number?
False
Is 119016383 a prime number?
False
Is 2171694505 prime?
False
Is 1585117763 prime?
False
Is 34468662659 a prime number?
False
Is 14753567263 prime?
True
Is 14146628891 a prime number?
False
Is 5457066971 a prime number?
True
Is 24417156629 prime?
False
Is 1418910041 a composite number?
False
Is 2009873381 prime?
True
Is 2394983843 a prime number?
False
Is 2771214637 a composite number?
True
Is 72707014843 composite?
False
Is 5141616491 a prime number?
False
Is 544756829 a composite number?
False
Is 160148717 a prime number?
False
Is 153896837 composite?
True
Is 87531757 composite?
False
Is 37658664527 composite?
True
Is 1697744483 composite?
False
Is 23185738699 a composite number?
True
Is 10212982501 a composite number?
False
Is 56353478399 a prime number?
False
Is 448295693 composite?
False
Is 20105399777 a prime number?
True
Is 5972211393 a prime number?
False
Is 8387134901 a composite number?
False
Is 252646423 a prime number?
True
Is 730938903 composite?
True
Is 18609136801 a composite number?
False
Is 1775767729 a prime number?
False
Is 1022939149 composite?
True
Is 697541143 composite?
True
Is 55929029747 a prime number?
False
Is 904104281 composite?
False
Is 1067731229 composite?
True
Is 1260831889 a prime number?
True
Is 27961084643 a composite number?
False
Is 514822307 prime?
True
Is 274135531 composite?
False
Is 1383276593 prime?
True
Is 522452389 composite?
False
Is 845840231 a prime number?
False
Is 52963884469 a prime number?
False
Is 61365448699 prime?
True
Is 33236925677 prime?
False
Is 3385067593 prime?
False
Is 1281889043 composite?
False
Is 921487027 a composite number?
False
Is 1038723383 composite?
True
Is 3695277787 a prime number?
True
Is 2852801767 composite?
False
Is 322187074903 a prime number?
True
Is 109031441 prime?
False
Is 153422440937 a composite number?
False
Is 624224701 a composite number?
True
Is 143673014 a prime number?
False
Is 248071489 composite?
False
Is 8087332163 composite?
False
Is 2054485549 composite?
True
Is 470755633 a prime number?
True
Is 425622749 prime?
False
Is 1208001959 prime?
False
Is 3216578591 a composite number?
False
Is 2032299307 composite?
False
Is 38787152289 a composite number?
True
Is 1573423783 prime?
False
Is 580994983 a composite number?
True
Is 24212158367 composite?
False
Is 1127058791 a composite number?
True
Is 105863483 composite?
True
Is 884602091 prime?
True
Is 267772979999 composite?
True
Is 17947864301 composite?
False
Is 7451081069 prime?
False
Is 43553105537 a composite number?
False
Is 783213059 prime?
True
Is 12253032589 prime?
False
Is 1965954479 prime?
True
Is 24964422577 a composite number?
True
Is 97601045279 composite?
False
Is 5460250703 a prime number?
False
Is 154378019 prime?
False
Is 82826429729 a comp